{"id":1213,"date":"2019-01-10T15:22:15","date_gmt":"2019-01-10T15:22:15","guid":{"rendered":"http:\/\/ortsnamen.at\/?page_id=1213"},"modified":"2022-11-29T14:38:55","modified_gmt":"2022-11-29T14:38:55","slug":"ako50","status":"publish","type":"page","link":"https:\/\/ortsnamen.at\/en\/ako50\/","title":{"rendered":"50 Years AKO"},"content":{"rendered":"\n<p>In September 1967, the United Nations convened its first conference on the standardization of geographical names in Geneva. National name standardisation, which was to form the basis for international name standardisation, played a major role in the negotiations. Subsequently Josef Breu, who had been proposed by the Austrian Academy of Sciences and took part as Austria\u2019s representative made efforts to establish a national name standardisation board in Austria. It was agreed that it would be best to make use of the existing framework of the Austrian Cartographic Commission in the Austrian Geographical Society. In 1969, with the approval of the Geographical Society, the so-called&nbsp;<em>Abteilung f\u00fcr Kartographische Ortsnamenkunde (AKO)<\/em>&nbsp;\u2013 in 1994 renamed to&nbsp;<em>Arbeitsgemeinschaft f\u00fcr Kartographische Ortsnamenkunde&nbsp; in der \u00d6sterreichischen Geographischen Gesellschaft und in Verbindung mit der \u00d6sterreichischen Akademie der Wissenschaften<\/em>&nbsp;\u2013 was established.<\/p>\n\n\n\n<p>To celebrate the 50 year anniversary of the foundation of AKO we are happy to invite to the following symposium:<\/p>\n\n\n\n<h4 class=\"wp-block-heading\"> <strong>GeoNames19 Symposion<\/strong>  <\/h4>\n\n\n\n<h2 class=\"wp-block-heading\"><strong>\u201cPlace Names and Migration\u201d<\/strong><\/h2>\n\n\n\n<h4 class=\"wp-block-heading\">Vienna [Wien], 6-8 November 2019 <strong> <\/strong> <\/h4>\n\n\n\n<p>Migration is a global and all-time phenomenon. Ever since humankind\nexists, people were migrating \u2013 individually or in groups. Concerning place\nnames people can migrate to rather scarcely named areas but also to areas that\nhave a densely and established namescape. Especially in the latter case it is\ninteresting to look on how people \u2013 often with a different linguistic and\ncultural background \u2013 deal with the situation. Recent research shows that place\nnames are clearly connected to personal and group identity. But research on how\nexactly migrants use, adapt and maybe change place names is a desideratum. <\/p>\n\n\n\n<p>Related to place names, this prompts a number of delicate questions: How\ndo migrants deal with place names? Do they accept the place names they find? Do\nthey adapt them to their own language by translation, morphological or phonetic\nadaptation? Do they create new names of their own for already named places? And\nhow do long-term residents of the place react to these attitudes? <\/p>\n\n\n\n<p>Some of these questions get addressed already in traditional fields of\nonomastics. Additionally recent fields of study like \u201ccritical onomastics\u201d and\n\u201ccolonial onomastics\u201d give a new view on the same questions. The symposium\nintends to highlight in this respect various historical situations as well as\nrecent migration events in all parts of the world.<\/p>\n\n\n\n<p>Subthemes (with no\nclaim to be exhaustive):<\/p>\n\n\n\n<ul class=\"wp-block-list\">\n<li>Place-name use in historical situations of migration<\/li>\n\n\n\n<li>Place-name use in recent situations of migration<\/li>\n\n\n\n<li>Reactions of long-term residents to the place-name use\nby migrants<\/li>\n\n\n\n<li>Attempts (by migrants or the resident community) of\nintegrating migrant place names into the official namescape<\/li>\n\n\n\n<li>Place-name use of migrants by feature categories<\/li>\n\n\n\n<li>Place-name use by kinds of migration<\/li>\n\n\n\n<li>Transfer of place names from the former home to the\nnew place<\/li>\n\n\n\n<li>Use of\nexonyms of the local community by migrants<\/li>\n<\/ul>\n\n\n\n<p><strong>No participation fee<\/strong> is requested. <\/p>\n\n\n\n<p><strong>Symposion language:<\/strong> English<\/p>\n\n\n\n<p><strong>A second circular<\/strong> after\nthe registration deadline as of 30 March 2019 will inform you about the\npreliminary program and provide you with some travel information. Please, mind\nthat accommodation in Vienna is your own responsibility and early reservation\nis recommendable.<\/p>\n\n\n\n<p><strong>Venue:<\/strong>&nbsp; Bundesamt\nf\u00fcr Eich- und Vermessungswesen (Federal Office of Metrology and Surveying),\nSchiffamtsgasse 1-3, 1020 Vienna<\/p>\n","protected":false},"excerpt":{"rendered":"<p>In September 1967, the United Nations convened its first conference on the standardization of geographical names in Geneva. National name standardisation, which was to form the basis for international name <span class=\"readmore\"><a href=\"https:\/\/ortsnamen.at\/en\/ako50\/\">Read More &#8230;<\/a><\/span><\/p>\n","protected":false},"author":1,"featured_media":0,"parent":0,"menu_order":0,"comment_status":"closed","ping_status":"closed","template":"","meta":{"footnotes":""},"class_list":["post-1213","page","type-page","status-publish","hentry"],"translation":{"provider":"WPGlobus","version":"3.0.2","language":"en","enabled_languages":["de","en"],"languages":{"de":{"title":true,"content":true,"excerpt":false},"en":{"title":false,"content":false,"excerpt":false}}},"_links":{"self":[{"href":"https:\/\/ortsnamen.at\/en\/wp-json\/wp\/v2\/pages\/1213","targetHints":{"allow":["GET"]}}],"collection":[{"href":"https:\/\/ortsnamen.at\/en\/wp-json\/wp\/v2\/pages"}],"about":[{"href":"https:\/\/ortsnamen.at\/en\/wp-json\/wp\/v2\/types\/page"}],"author":[{"embeddable":true,"href":"https:\/\/ortsnamen.at\/en\/wp-json\/wp\/v2\/users\/1"}],"replies":[{"embeddable":true,"href":"https:\/\/ortsnamen.at\/en\/wp-json\/wp\/v2\/comments?post=1213"}],"version-history":[{"count":29,"href":"https:\/\/ortsnamen.at\/en\/wp-json\/wp\/v2\/pages\/1213\/revisions"}],"predecessor-version":[{"id":2432,"href":"https:\/\/ortsnamen.at\/en\/wp-json\/wp\/v2\/pages\/1213\/revisions\/2432"}],"wp:attachment":[{"href":"https:\/\/ortsnamen.at\/en\/wp-json\/wp\/v2\/media?parent=1213"}],"curies":[{"name":"wp","href":"https:\/\/api.w.org\/{rel}","templated":true}]}}

<p>In September 1967, the United Nations convened its first conference on the standardization of geographical names in Geneva. National name standardisation, which was to form the basis for international name standardisation, played a major role in the negotiations. Subsequently Josef Breu, who had been proposed by the Austrian Academy of Sciences and took part as Austria’s representative made efforts to establish a national name standardisation board in Austria. It was agreed that it would be best to make use of the existing framework of the Austrian Cartographic Commission in the Austrian Geographical Society. In 1969, with the approval of the Geographical Society, the so-called&nbsp;<em>Abteilung für Kartographische Ortsnamenkunde (AKO)</em>&nbsp;– in 1994 renamed to&nbsp;<em>Arbeitsgemeinschaft für Kartographische Ortsnamenkunde&nbsp; in der Österreichischen Geographischen Gesellschaft und in Verbindung mit der Österreichischen Akademie der Wissenschaften</em>&nbsp;– was established.</p>



<p>To celebrate the 50 year anniversary of the foundation of AKO we are happy to invite to the following symposium:</p>



<h4 class="wp-block-heading"> <strong>GeoNames19 Symposion</strong>  </h4>



<h2 class="wp-block-heading"><strong>“Place Names and Migration”</strong></h2>



<h4 class="wp-block-heading">Vienna [Wien], 6-8 November 2019 <strong> </strong> </h4>



<p>Migration is a global and all-time phenomenon. Ever since humankind
exists, people were migrating – individually or in groups. Concerning place
names people can migrate to rather scarcely named areas but also to areas that
have a densely and established namescape. Especially in the latter case it is
interesting to look on how people – often with a different linguistic and
cultural background – deal with the situation. Recent research shows that place
names are clearly connected to personal and group identity. But research on how
exactly migrants use, adapt and maybe change place names is a desideratum. </p>



<p>Related to place names, this prompts a number of delicate questions: How
do migrants deal with place names? Do they accept the place names they find? Do
they adapt them to their own language by translation, morphological or phonetic
adaptation? Do they create new names of their own for already named places? And
how do long-term residents of the place react to these attitudes? </p>



<p>Some of these questions get addressed already in traditional fields of
onomastics. Additionally recent fields of study like “critical onomastics” and
“colonial onomastics” give a new view on the same questions. The symposium
intends to highlight in this respect various historical situations as well as
recent migration events in all parts of the world.</p>



<p>Subthemes (with no
claim to be exhaustive):</p>



<ul class="wp-block-list">
<li>Place-name use in historical situations of migration</li>



<li>Place-name use in recent situations of migration</li>



<li>Reactions of long-term residents to the place-name use
by migrants</li>



<li>Attempts (by migrants or the resident community) of
integrating migrant place names into the official namescape</li>



<li>Place-name use of migrants by feature categories</li>



<li>Place-name use by kinds of migration</li>



<li>Transfer of place names from the former home to the
new place</li>



<li>Use of
exonyms of the local community by migrants</li>
</ul>



<p><strong>No participation fee</strong> is requested. </p>



<p><strong>Symposion language:</strong> English</p>



<p><strong>A second circular</strong> after
the registration deadline as of 30 March 2019 will inform you about the
preliminary program and provide you with some travel information. Please, mind
that accommodation in Vienna is your own responsibility and early reservation
is recommendable.</p>



<p><strong>Venue:</strong>&nbsp; Bundesamt
für Eich- und Vermessungswesen (Federal Office of Metrology and Surveying),
Schiffamtsgasse 1-3, 1020 Vienna</p>
